5
What is the highest common factor of 39 and 123503627?
13
Calculate the greatest common factor of 104592 and 5424.
48
Calculate the greatest common divisor of 53822239 and 226.
113
What is the highest common divisor of 90 and 262659645?
45
What is the highest common factor of 1347582 and 474?
474
What is the greatest common divisor of 23914881 and 4545?
909
What is the greatest common factor of 305 and 5406796?
61
What is the greatest common factor of 268218031 and 381?
127
Calculate the greatest common factor of 4116 and 28068.
12
Calculate the greatest common divisor of 52142 and 40658.
58
Calculate the highest common divisor of 185931 and 135342.
657
Calculate the greatest common factor of 58916 and 29029.
143
Calculate the highest common divisor of 9482 and 45782.
22
Calculate the highest common factor of 32472465 and 510.
255
Calculate the greatest common divisor of 473199872 and 62.
62
Calculate the highest common divisor of 390558149 and 71.
71
Calculate the highest common factor of 80371 and 343036.
449
Calculate the greatest common divisor of 52900 and 3489100.
2300
What is the greatest common factor of 538388284 and 6076?
6076
Calculate the highest common divisor of 690 and 935010.
30
Calculate the highest common divisor of 978 and 458907266.
326
Calculate the highest common divisor of 4560 and 214059700.
380
Calculate the highest common divisor of 1585712 and 10008.
1112
What is the greatest common factor of 14 and 15133202?
14
Calculate the greatest common factor of 2926 and 4881646.
154
Calculate the greatest common factor of 19792790 and 22924.
1042
What is the highest common divisor of 11334292 and 44?
4
What is the highest common factor of 1294133 and 118179?
1459
What is the greatest common factor of 3811416 and 7406?
14
Calculate the highest common factor of 20415 and 23448669.
4083
What is the greatest common divisor of 1017 and 32294496?
339
What is the greatest common factor of 32 and 20594008?
8
Calculate the highest common divisor of 536761 and 144281.
223
Calculate the greatest common divisor of 136 and 134266.
34
Calculate the greatest common factor of 16909815 and 26.
13
Calculate the greatest common divisor of 12236 and 1704668.
644
What is the highest common divisor of 9519809 and 26?
13
Calculate the greatest common factor of 5105479 and 232.
29
What is the greatest common divisor of 2090427 and 6?
3
What is the highest common factor of 502609920 and 960?
960
Calculate the greatest common factor of 3864426 and 42210.
402
Calculate the highest common divisor of 25116 and 2809772.
644
Calculate the highest common factor of 213 and 239921922.
213
Calculate the highest common factor of 196 and 14570612.
28
Calculate the highest common divisor of 3359912 and 268.
4
What is the greatest common factor of 112 and 3078978?
14
Calculate the highest common factor of 4912639 and 1670.
167
Calculate the greatest common factor of 102 and 10727051.
17
Calculate the greatest common divisor of 244792 and 12728.
296
Calculate the greatest common divisor of 2284738 and 44038.
194
What is the greatest common factor of 200 and 11996660?
20
Calculate the greatest common divisor of 6500 and 70096.
52
What is the highest common factor of 16573317 and 18768?
1173
Calculate the highest common factor of 1288329 and 2604.
651
Calculate the highest common factor of 20016 and 24892398.
2502
Calculate the greatest common factor of 1616405 and 4739.
7
What is the greatest common factor of 52222806 and 9?
9
What is the highest common divisor of 67634442 and 9?
9
Calculate the highest common divisor of 814 and 70056910.
814
What is the highest common divisor of 4612769 and 2812971?
6293
Calculate the highest common divisor of 2130835 and 460.
115
What is the highest common divisor of 98395 and 14135?
55
What is the greatest common factor of 159116504 and 8344?
1192
Calculate the greatest common divisor of 2022080 and 1278.
142
Calculate the highest common divisor of 694 and 40506698.
694
Calculate the highest common divisor of 1781232 and 318.
6
Calculate the highest common divisor of 1465843310 and 10.
10
What is the greatest common divisor of 2605656 and 22650?
906
Calculate the highest common divisor of 66 and 44400620.
22
Calculate the highest common divisor of 2977446 and 10995.
2199
What is the greatest common factor of 19329162 and 2462?
2462
What is the highest common factor of 13 and 362386297?
13
What is the highest common divisor of 26007410 and 360646?
3718
Calculate the highest common divisor of 20308266 and 6086.
358
Calculate the highest common factor of 223 and 3937957.
223
Calculate the greatest common divisor of 715 and 24845579.
11
What is the highest common divisor of 25027 and 6989?
29
Calculate the highest common factor of 550 and 4148694.
22
Calculate the greatest common divisor of 5376 and 554883.
21
Calculate the greatest common divisor of 1948385139 and 393.
393
What is the greatest common divisor of 63826 and 20398?
658
What is the greatest common divisor of 80908120 and 1424?
712
What is the highest common factor of 47820625 and 12445?
95
Calculate the greatest common factor of 188639 and 363.
121
What is the highest common factor of 126887 and 11596?
223
What is the greatest common divisor of 362432 and 2144?
32
Calculate the greatest common divisor of 4559 and 1659617.
47
What is the highest common factor of 3875 and 1285415?
155
Calculate the greatest common factor of 342 and 576403.
19
Calculate the highest common factor of 2 and 86823734.
2
Calculate the greatest common factor of 1603 and 2353433.
229
What is the highest common factor of 24460 and 84542321?
1223
What is the highest common divisor of 18732 and 17648220?
2676
What is the highest common factor of 100864 and 93?
1
What is the highest common divisor of 11230807 and 151578?
2807
Calculate the highest common factor of 36 and 104904333.
9
What is the highest common divisor of 8179516 and 271728?
2516
What is the highest common factor of 41823955 and 15421?
2203
Calculate the greatest common factor of 939871845 and 15.
15
What is the highest common factor of 4204 and 31490062?
2102
Calculate the greatest common divisor of 3636 and 391500.
36
Calculate the highest common factor of 710298 and 102.
6
Calculate the greatest common divisor of 20 and 3681365.
5
What is the highest common divisor of 2020117769 and 1343?
1343
Calculate the highest common divisor of 55161764 and 1484.
1484
Calculate the greatest common factor of 93664 and 14272.
32
What is the highest common factor of 33201190 and 115?
115
Calculate the greatest common factor of 177651 and 2142.
9
What is the greatest common divisor of 680817 and 5496?
687
What is the greatest common divisor of 488115 and 154695?
15
Calculate the highest common divisor of 4994 and 33185584.
454
Calculate the greatest common factor of 18058516 and 296.
148
What is the greatest common factor of 49 and 19659094?
49
What is the greatest common divisor of 11018 and 11986010?
1574
Calculate the greatest common divisor of 44827077 and 20595.
4119
Calculate the greatest common factor of 2179236 and 156.
12
What is the highest common factor of 70350981 and 204?
51
Calculate the greatest common factor of 34940 and 303342092.
6988
What is the highest common factor of 116859730 and 10?
10
Calculate the highest common divisor of 3129759 and 8181.
81
What is the greatest common factor of 49188602 and 41?
41
Calculate the greatest common factor of 288178 and 1166.
22
What is the highest common factor of 1340737545 and 60?
15
What is the greatest common divisor of 561 and 62365248?
561
Calculate the greatest common divisor of 10128384 and 10990.
2198
What is the greatest common factor of 322 and 76009066?
322
Calculate the greatest common factor of 170 and 133810.
10
Calculate the greatest common divisor of 9832 and 429944.
8
What is the greatest common divisor of 11040 and 39705?
15
What is the greatest common factor of 3798826506 and 27?
27
What is the highest common factor of 946849 and 255?
17
Calculate the highest common divisor of 110637 and 735357.
57
What is the highest common factor of 781824 and 20?
4
Calculate the greatest common factor of 1084336 and 8784.
976
What is the greatest common divisor of 198215056 and 6